 106929*j + 4492822. Determine b(-42).
40
Let q(v) = 320*v - 44719. Calculate q(139).
-239
Let z(t) = -t**3 - 25*t**2 - 13*t + 515. What is z(-24)?
251
Let h(d) = d**3 + 120*d**2 + 3585*d - 668. Determine h(-58).
-30
Let w(b) = b**2 + 234*b - 55564. Calculate w(146).
-84
Let o(j) = -j**3 + 19*j**2 + 16*j - 311. Calculate o(4).
-7
Let y(j) = 4*j**2 + 2127*j + 6387. Give y(-3).
42
Let l(s) = -133*s**3 - 371*s**2 - 324*s + 47. Determine l(-1).
133
Let u(l) = -80*l + 10544. Calculate u(137).
-416
Let a(x) = 2*x**2 + 499*x - 17898. What is a(32)?
118
Let t(m) = -938341*m + 19. What is t(0)?
19
Let i(n) = 13211*n + 462405. Calculate i(-35).
20
Let d(g) = g**3 - 9*g**2 - 6336*g + 69455. What is d(11)?
1
Let m(v) = -172*v + 26036. What is m(153)?
-280
Let d(q) = -21*q**2 - 168*q + 217. Give d(-9).
28
Let n(s) = -7*s**2 + 266*s + 237. Give n(39).
-36
Let k(f) = 52*f - 1257. Give k(54).
1551
Let m(f) = f**2 - 553*f + 74525. What is m(320)?
-35
Let x(q) = -q**2 + 236*q + 141318. Give x(512).
6
Let h(v) = -v**3 - 32*v**2 + 70*v - 237. Calculate h(-34).
-305
Let t(w) = 187452*w + 2249442. Give t(-12).
18
Let u(v) = 509*v**2 - 2*v + 31. What is u(0)?
31
Let b(f) = -45*f - 645. Determine b(-5).
-420
Let k(p) = p**3 + 32*p**2 - 998*p + 2137. Determine k(-52).
-47
Let c(y) = -9*y**3 + 277*y**2 - 194*y - 413. Determine c(30).
67
Let o(y) = 25*y**3 - 575*y**2 + 12*y + 30. What is o(23)?
306
Let q(k) = -3*k**3 + 598*k**2 + 5446*k - 7886. Give q(208).
18
Let b(q) = q**2 - 9856*q + 29574. Calculate b(3).
15
Let s(i) = 27714*i + 776004. Give s(-28).
12
Let u(t) = t**2 + 4285*t - 68810. What is u(16)?
6
Let i(z) = 217389*z - 434780. Give i(2).
-2
Let w(p) = 2*p**3 - 702*p**2 + 744*p - 15424. Determine w(350).
-24
Let q(c) = -532*c**2 - 7441*c + 128. Give q(-14).
30
Let w(b) = -7*b**2 + 437*b - 3731. Calculate w(11).
229
Let d(j) = 2*j**2 + 2162*j - 17248. What is d(8)?
176
Let m(h) = 1875*h + 2676. What is m(-1)?
801
Let y(o) = o**3 - 56*o**2 - 2173*o + 121676. Give y(56).
-12
Let i(p) = 4*p**2 + 4531*p + 31531. Calculate i(-7).
10
Let o(h) = -13061*h + 1057954. Give o(81).
13
Let j(f) = 5*f**3 + 31*f**2 - 94*f - 22. Determine j(4).
418
Let o(m) = 8*m**2 + 39*m + 580. Give o(-12).
1264
Let a(l) = 864*l + 146037. Give a(-169).
21
Let p(f) = -27925*f + 51. Calculate p(0).
51
Let z(i) = -i**2 + 2354*i + 110462. Determine z(-46).
62
Let f(a) = -3*a**3 + 232*a**2 + 641*a - 139. Give f(80).
-59
Let i(o) = 16*o**2 + 593*o + 5297. Determine i(-22).
-5
Let y(l) = -1612917*l - 1612912. What is y(-1)?
5
Let r(y) = -2*y**3 + 34*y**2 + 372*y + 810. What is r(-4)?
-6
Let q(d) = -83*d**2 + 438*d - 578. Give q(3).
-11
Let x(s) = -s**3 + 72*s**2 + 168*s - 856. Determine x(74).
624
Let n(w) = -197216*w + 591646. What is n(3)?
-2
Let r(f) = 3*f**3 + 231*f**2 - 19*f - 1284. Give r(-77).
179
Let y(t) = -t**2 + 528*t - 52560. Determine y(395).
-25
Let c(n) = -2*n**3 - 88*n**2 + 5*n - 75. What is c(-44)?
-295
Let q(g) = -2*g**3 - 129*g**2 - 114*g + 158. What is q(-63)?
-4567
Let z(w) = -w**3 - 1014*w**2 - 51829*w + 10561. Determine z(-960).
1
Let s(l) = -l**2 - 196*l + 4663. What is s(-222)?
-1109
Let g(t) = 33*t**2 + 13*t + 81. What is g(-7)?
1607
Let s(b) = 1436*b**2 + 7125*b - 33. What is s(-5)?
242
Let o(n) = -1576*n + 28746. What is o(18)?
378
Let r(w) = -w**2 + 6843*w - 217961. Calculate r(32).
-9
Let q(w) = -1525*w + 10807. Determine q(7).
132
Let w(f) = f**3 - 16*f**2 + 219*f - 5860. What is w(21)?
944
Let p(j) = j**3 + 271*j**2 + 2360*j + 654. Determine p(-262).
130
Let c(y) = y**3 - 172*y**2 - 35870*y - 230. Calculate c(-122).
14
Let n(r) = 19*r**3 - 37*r**2 - 56*r + 1. Determine n(-1).
1
Let u(z) = z**3 - 29*z**2 + 141*z + 60. Determine u(7).
-31
Let z(t) = 704*t + 88. Determine z(2).
1496
Let w(u) = -10959*u - 65813. Calculate w(-6).
-59
Let q(d) = 3*d**2 + 14*d + 17. Calculate q(-9).
134
Let t(p) = -1046*p - 567980. Calculate t(-543).
-2
Let h(n) = -2*n**2 + 450*n - 7099. Determine h(17).
-27
Let b(j) = 385*j**2 + 2243*j - 3163. Determine b(-7).
1
Let y(n) = n**3 + 17*n**2 + 7891*n + 31363. Determine y(-4).
7
Let v(z) = 180*z - 698. Calculate v(0).
-698
Let f(x) = -19*x**2 + 941*x - 1465. Give f(48).
-73
Let l(i) = 2*i**3 - 312*i + 1126. Give l(-14).
6
Let l(z) = 6982*z - 76704. Give l(11).
98
Let s(m) = m**3 - 22*m**2 + 6*m + 290. Give s(20).
-390
Let w(o) = -o**2 + 3928*o + 118686. Calculate w(-30).
-54
Let o(h) = 1440*h - 89289. What is o(62)?
-9
Let y(u) = -16587*u - 165464. Determine y(-10).
406
Let j(s) = -11052*s + 99623. What is j(9)?
155
Let j(o) = -o**3 - 306*o**2 + 1649*o + 29173. Calculate j(-311).
-61
Let p(y) = 3*y**3 + 41*y**2 + 40*y + 16. Determine p(-13).
-166
Let b(n) = -3123259*n - 3123264. Determine b(-1).
-5
Let h(u) = -6*u**3 - 39*u**2 - 48*u - 37. Calculate h(-5).
-22
Let v(k) = -12*k**2 - 303*k + 715. What is v(-23)?
1336
Let v(o) = 35*o**2 + 129*o - 16. Calculate v(0).
-16
Let i(s) = 3*s**3 + 91*s**2 + 627*s - 99. Calculate i(-11).
22
Let l(f) = f**3 - 4*f**2 - 1731*f + 5677. Calculate l(42).
7
Let d(w) = -w**3 + 38*w**2 + 93*w - 2409. Give d(39).
-303
Let g(x) = 1270*x + 435424. What is g(-343)?
-186
Let a(k) = 784*k**2 - 18041*k + 197. Give a(23).
-10
Let v(q) = -q**3 - 182*q**2 + 2130*q + 1417. Calculate v(-193).
66
Let o(h) = -1495*h - 16468. Give o(-11).
-23
Let k(s) = -77702*s + 149. What is k(0)?
149
Let a(q) = -802*q - 22793. Give a(-25).
-2743
Let v(m) = m**3 + 101*m**2 + 9*m + 792. Determine v(-101).
-117
Let v(z) = -z**3 - 143*z**2 - 4817*z + 2037. Give v(-88).
13
Let r(p) = -p**3 + 387*p**2 - 1127*p - 9589. Determine r(384).
11
Let f(b) = b**3 + 17*b**2 - 1835*b + 3876. Give f(-53).
7
Let j(i) = -2*i**3 + 148*i**2 + 593*i + 2387. Determine j(78).
-31
Let u(m) = -5*m**2 - 19308*m + 38644. What is u(2)?
8
Let t(d) = -d**2 + 32*d - 236. Determine t(19).
11
Let r(s) = -19*s**2 - 302*s - 223. What is r(-6)?
905
Let o(x) = -x**3 + 142*x**2 + 13999*x + 981. Calculate o(209).
145
Let r(t) = -18*t**2 + 10296*t + 20594. Calculate r(-2).
-70
Let z(n) = -n**3 - 21*n**2 - 363*n - 7497. Determine z(-21).
126
Let h(n) = -8*n**2 + 5171*n - 95360. Calculate h(19).
1
Let j(v) = -v**3 + 19*v**2 - 616*v + 15009. Determine j(22).
5
Let i(z) = -1073*z + 1310. Determine i(3).
-1909
Let r(n) = -140007*n + 700060. Calculate r(5).
25
Let j(a) = a**3 + 45*a**2 + 469*a - 885. Calculate j(-22).
-71
Let j(n) = 80*n**3 + 5*n**2 - 20*n - 20. What is j(-1)?
-75
Let k(q) = -3*q**3 - 771*q**2 + 17*q + 4362. Calculate k(-257).
-7
Let o(t) = t**3 + 88*t**2 + 1007*t + 7226. What is o(-76)?
6
Let w(j) = 105*j**2 + 189*j + 515. What is w(-3)?
893
Let r(z) = -8392*z - 41407. Determine r(-5).
553
Let d(z) = -4*z**3 - 2*z**2 - 29*z - 307. What is d(-8)?
1845
Let l(r) = -352*r**3 - 3525*r**2 - 48*r + 48. Determine l(-10).
28
Let o(n) = -n**2 - 1197*n + 4814. Give o(4).
10
Let t(g) = 423*g - 117110. What is t(278)?
484
Let j(s) = 137*s + 2354. Determine j(-13).
573
Let s(p) = 30*p**3 + p**2 + 17*p + 123. Give s(-2).
-147
Let w(o) = -2*o**2 + 154*o + 872. What is w(-6)?
-124
Let a(c) = -c**2 - 11*c + 11123. Give a(100).
23
Let o(d) = -10785*d + 28. What is o(0)?
28
Let f(h) = -84*h + 1107. What is f(11)?
183
Let l(n) = -131*n**2 + 19277*n + 16418. Determine l(148).
-10
Let f(w) = -3*w**2 + 119*w - 1146. Calculate f(30).
-276
Let w(m) = -m**2 + 65*m + 8848. Calculate w(-67).
4
Let z(w) = -377874*w - 3400879. Determine z(-9).
-13
Let u(y) = -4*y**2 - 1456*y + 507510. What is u(-582)?
6
Let r(x) = -4305*x**2 - 68880*x - 2. Determine r(-16).
-2
Let i(o) = 7*o**3 - 7*o**2 - 22*o + 24. What is i(-6)?
-1608
Let x(c) = 23*c**2 + 1927*c - 10631. Determine x(-89).
49
Let t(a) = a**3 - 62*a**2 + 243*a - 640. Determine t(58).
-2
Let w(l) = -100*l + 467. Determine w(-2).
667
Let q(p) = -p**2 - 192*p - 7881. What is q(-133)?
-34
Let v(b) = -3665*b + 47629. Determine v(13).
-16
Let p(q) = 4*q**3 + 27*q**2 + 114*q + 834. Give p(-7).
-13
Let w(d) = 110*d - 2597. Determine w(2).
-2377
Let o(n) = -101*n**3 + 14*n**2 - 11*n + 10. What is o(1)?
-88
Let x(y) = y**3 - 114*y**2 + 3038*y - 622. Determine x(42).
-34
Let f(v) = 2*v**3 - 41*v**2 - 29*v - 74. What is f(21)?
-242
Let b(n) = -14*n**2 - 444*n + 3998. Determine b(8).
-450
Let q(z) = -z**3 - 74*z**2 - 3*z - 233. What is q(-74)?
-11
Let d(c) = 2*c*